))/(6/9). Suppose 0 = w + 4*w - 25. Suppose -w = -h - 3. Calculate the highest common factor of h and d.
1
Let n be (-1)/(-3) - 35/(-3). Let m = 17 + -5. Calculate the highest common divisor of m and n.
12
Let g = 81 - 78. Calculate the highest common factor of g and 9.
3
Suppose 2*b + 78 = -0*t + 5*t, b = 1. Let m = 51 + -27. Calculate the greatest common divisor of t and m.
8
Let l be (5/(-2))/((-2)/12). Let h be l - (-2 + 3 + 2). What is the highest common factor of h and 3?
3
Let q(x) = 2*x**2 + 8*x. Let c(t) = 8*t**3 - t**2 + t - 1. Let j be c(1). Let k = j - 13. Let y be q(k). Calculate the greatest common divisor of y and 12.
12
Let j = 5 + -1. Suppose j*k = 10 + 2, 4*i - 44 = 4*k. Let l be 1/(-2) + 113/2. Calculate the greatest common factor of i and l.
14
Let b(u) = -u**3 + 10*u**2 + 11*u + 11. Let h be b(11). What is the highest common divisor of 55 and h?
11
Suppose -5*j + 388 = i, -i + 35 = -j + 109. What is the greatest common factor of 11 and j?
11
Suppose -12*h + 125 = -7*h. What is the highest common factor of 15 and h?
5
Let z = -32 - -18. Let n = z - 0. Let t = 2 - n. Calculate the highest common divisor of t and 40.
8
Let f = 255 - 119. What is the greatest common factor of 17 and f?
17
Let k be (-6)/9 - (-3)/(-9). Let w = k - -3. Suppose 0 = 3*f - w*f - 36. Calculate the highest common factor of 9 and f.
9
Suppose 35 + 37 = u. Suppose 0 = -2*i - 5*l + 43, 4*i - 24 - 67 = -5*l. Calculate the highest common factor of u and i.
24
Let d(r) = r + 5. Let x be d(-4). What is the highest common divisor of x and 7?
1
Let i be (-8 - 1)*(-2 + 1). Suppose -17 = 3*m + 10. Let q(s) = -s**3 - 10*s**2 - 12*s - 9. Let h be q(m). What is the highest common divisor of h and i?
9
Suppose 0 = 2*j - 3*j + 18. Calculate the highest common factor of 12 and j.
6
Let i(k) = 2*k**2. Let l be i(-2). Let b = 1 + 1. Suppose 0 = -d + 4*j + 8, -3*d - b*j = -5 - 5. Calculate the highest common factor of l and d.
4
Let a(w) = w**2 + 10*w - 38. Let v be a(-20). Calculate the greatest common divisor of 18 and v.
18
Suppose 0 = -3*f + 249 + 39. Calculate the greatest common factor of f and 64.
32
Suppose -4*f + j - 4*j + 102 = 0, 0 = 3*f + 5*j - 82. What is the highest common divisor of f and 60?
12
Let w = -105 + 189. Let i = 154 - w. Suppose q + 5 = -3*v + 90, 110 = 4*v - 2*q. What is the highest common factor of v and i?
14
Suppose -2*b + 47 - 21 = 0. Let a be 13/(((-1)/2)/(-1)). What is the greatest common divisor of a and b?
13
Suppose 6*b - 858 = -264. What is the greatest common divisor of b and 22?
11
Let p(q) = -16*q**3 - 4*q**2 - q + 1. Let b be p(-1). Let c = -37 - -72. What is the highest common divisor of b and c?
7
Let y(q) = q + 9. Let k be y(19). Calculate the highest common divisor of k and 70.
14
Let o be (6 - 132/(-5)) + 2/(-5). Calculate the greatest common divisor of 352 and o.
32
Suppose 2*j + 22 = -14. Let s = -4 - j. What is the greatest common factor of 70 and s?
14
Suppose -4 = 4*j, q - 3*j = -2*q + 210. Calculate the greatest common divisor of 46 and q.
23
Let c be (3/(-4))/(1/(-12)). Suppose -21 = -0*u + u - 5*a, 4*u + 4*a - 36 = 0. Suppose 22 = -u*d + 310. What is the highest common divisor of d and c?
9
Suppose 8*y - 325 = 3*y + 2*a, -5*y - 4*a + 295 = 0. What is the highest common divisor of 7 and y?
7
Suppose 2*y - 69 = -y + 3*h, 3*y - 73 = 2*h. Suppose 4*r = 3*l + 57, -83 - y = -5*r - 4*l. What is the highest common divisor of r and 54?
18
Let o = -28 - -68. Calculate the highest common factor of 8 and o.
8
Suppose -216 = -2*t + 2*a + 48, 0 = -4*t + 5*a + 524. What is the highest common divisor of t and 17?
17
Let c(m) = 2*m**3 - 8*m**2 - 5*m + 14. Let p be c(6). Calculate the highest common factor of p and 32.
32
Suppose -4*h = 5*u + 41, 2*h - 13 = 4*h + u. Let x be (-2)/8 - 13/h. Let d be 2/(-3) + 20/x. Calculate the greatest common factor of 15 and d.
3
Let p(j) = -j**3 + 17*j**2 + 16*j + 41. Let r be p(18). Calculate the greatest common factor of 25 and r.
5
Suppose 7*l - 100 = 3*l. What is the greatest common divisor of l and 275?
25
Let m = 40 - 16. What is the highest common divisor of 3 and m?
3
Let l(g) = -g**3 + 5*g**2 - 3*g - 7. Let h be l(5). Let t = -14 - h. Calculate the greatest common factor of 56 and t.
8
Let n be 1 + 2/(-2) - 1. Let j be ((-6)/(-4))/n*-30. Suppose -5*q - 3*r = -30, -3*r - 6 = 3*q - 2*q. What is the highest common divisor of j and q?
9
Let y(m) = m**2 - m - 5. Let f be y(4). Suppose -7*k + 9*k + u - 29 = 0, -5*k + 66 = -4*u. Calculate the highest common divisor of f and k.
7
Let d be (5 - (3 - -2)) + 7. What is the greatest common factor of d and 28?
7
Let k(z) = 3*z**3 - 4*z**2 + 3*z. Let w be k(3). What is the greatest common factor of 81 and w?
27
Let m = 5 + -10. Let f be (-77)/m - 3/(-5). Suppose -2*w + 18 + 14 = 0. What is the highest common divisor of w and f?
16
Suppose a + 15 = -0*a. Let j = -9 - a. Let h be ((-10)/(-5))/((-1)/(-33)). What is the highest common factor of j and h?
6
Let j(k) = -2*k**3 - 2*k**2 - 2*k**3 - 3*k + 2*k. Let z be j(-1). What is the greatest common divisor of z and 9?
3
Suppose 0*l - l = -10. Let o be 16/(-10)*-1*l. Let k be (-110)/4*96/(-15). What is the greatest common factor of o and k?
16
Let m be 96/10 + 2/5. Let l = 36 + 10. Suppose 6 = -2*b + l. Calculate the greatest common divisor of b and m.
10
Let h = 100 + -92. Calculate the highest common factor of 88 and h.
8
Let a = 11 + -8. Suppose -10 = -4*w - q, -3*q = -a - 3. Suppose -2*y + w = -4. What is the greatest common factor of y and 3?
3
Let p = 62 + -33. What is the greatest common factor of 29 and p?
29
Let r be 125/2 + 1/2. Suppose -2*q + r = -q. Calculate the highest common divisor of 9 and q.
9
Suppose 3 - 27 = 4*c. Let x(j) be the first derivative of -7*j**2/2 - 6*j - 2. Let l be x(c). Calculate the highest common divisor of 9 and l.
9
Let m be 2*(7/1)/1. Let v = -72 + 142. Calculate the highest common factor of v and m.
14
Let l be 26/5 - 1/5. Let d = l + -3. Let t(y) = 9*y - 1. Let q be t(d). Calculate the greatest common factor of q and 187.
17
Let z = -118 + 198. Suppose -9*h - 24 = -3*h. Let b be 1/(-1)*(h - 12). What is the greatest common factor of z and b?
16
Suppose 0 = 4*a - 5*u - 49, -4*a = -0*a - 2*u - 34. Let w(y) = y**2 - 9*y + 2. Let m be w(a). Let l = 25 + m. Calculate the highest common factor of l and 36.
9
Let s be (-784)/(-10) + 6/(-15). Calculate the greatest common factor of 6 and s.
6
Let c = 15 - -5. Let x be 223 - 5/((-5)/(-3)). What is the greatest common factor of x and c?
20
Let n(h) = -6 + 7*h + 4 + 0*h. Let q be n(6). Let m be ((-6)/(-15))/(2/q). Calculate the highest common factor of m and 32.
8
Let u be (-2)/1*130/(-4). Let y = 9 - -17. What is the highest common divisor of u and y?
13
Suppose 0 = 3*i - 8 + 2. Suppose -p - 389 = -2*a - i*a, -a + 2*p = -92. What is the greatest common divisor of a and 14?
14
Let v be (-3 + 12/5)/(1/(-30)). What is the greatest common factor of v and 9?
9
Let z = -40 - -80. Calculate the greatest common divisor of 10 and z.
10
Suppose -x - 12 = -5*x + 3*c, 5*x - c = 15. Let f = -1 + x. Let u be f/((0 - -2)/4). Calculate the highest common divisor of u and 32.
4
Let w(a) = a**3 + a**2 + 9. Suppose -8*i = -5*i. Let o be w(i). Suppose -d - 18 = -81. What is the highest common factor of o and d?
9
Let s be (-3 + (-21)/(-6))*20. Let j = -15 + 29. Suppose 3*z - 44 = -j. What is the highest common factor of z and s?
10
Let r be (-55)/(-3) + 2/(-6). Suppose r = 3*s + 48. Let o = s + 24. What is the highest common divisor of o and 98?
14
Let s(m) = -10*m - 3. Let t be s(-2). Suppose 4*l - 12 - 4 = 0. Suppose -l*z - 336 = -4*b, -3*b + 2*b = 3*z - 88. What is the highest common divisor of b and t?
17
Suppose -p = p - 4. Suppose -3*t - 86 = -7*t + j, p*t + 3*j - 50 = 0. Calculate the highest common factor of 55 and t.
11
Let v(r) = r**2 + 19*r + 24. Let y be v(-22). What is the greatest common factor of 5 and y?
5
Suppose -4*r + 2*r = -16. Suppose -6*g + 4 = -2*g. Suppose 0 = -5*n - 2*t + 5, t + 3 = 2*n + g. What is the highest common factor of r and n?
1
Let a be ((-2)/4)/(2/(-80)). Suppose -12 = 3*f - 7*f - g, -4*f - 3*g + a = 0. Calculate the greatest common divisor of f and 18.
2
Let m = -26 + 191. Let h(s) be the first derivative of